*q**3. Calculate x(9).
16
Let b(p) be the first derivative of -2*p**2 - p + 6. Suppose 13*a - 59 - 32 = 0. Suppose a*i + 6 = 13. Calculate b(i).
-5
Let l(f) = 2*f**2 + 26*f - 41. Let u be l(-23). Let t = -426 + u. Let m(q) = 2*q + 1. Determine m(t).
-13
Let z(c) = -3*c**2 - c**2 - 3*c + 1 + 0*c**2. Let x be (-9*9/486)/(22/(-264)). What is z(x)?
-21
Let i = 1 - -1. Let q(o) = i - 3*o + 0 - 4. Suppose 5*v - 2*x + 30 = 2*x, -v - 6 = 5*x. What is q(v)?
16
Let v(c) = -7*c - 37. Let i be v(5). Let r be (1/(-4))/(6/i). Let o be r - 13 - 4*(-1)/1. Let h(x) = 4*x + 6. Give h(o).
-18
Let u(x) = -x**2 + 6*x + 10. Let f = -559 - -538. Let z = f - -28. Determine u(z).
3
Let n(i) = -i**2 + 53*i. Let u be n(53). Let o(z) be the second derivative of -1/2*z**2 + 23*z + u + 1/2*z**3. What is o(-1)?
-4
Let o be (5 - (-1 - -1))*-1. Let l(v) = 2*v**2 - v + 1. Let x(c) = -12*c - 5 + 11 + 11*c**2 + 6 - 1. Let a(m) = 6*l(m) - x(m). What is a(o)?
-10
Suppose -3*s - 9 = -2*u, -2*u - 2 - 13 = 5*s. Suppose -5*c + 0*c - 3*n = -55, c + 5*n - 33 = 0. Let q(h) = u*h**2 + 11*h + 1 - 9*h**2 + c*h**2. What is q(11)?
1
Let m(f) = f**3 - 5*f**2 + 3*f. Let k(q) = 2*q**3 - 9*q**2 + 6*q - 1. Suppose -30*a + 24*a - 24 = 0. Let d(i) = a*k(i) + 7*m(i). Determine d(3).
-23
Let r(i) be the third derivative of 0 - 168*i**2 + 1/24*i**4 + 0*i + 0*i**3 - 1/30*i**5. Let k(b) = b - 7. Let f be k(8). Calculate r(f).
-1
Suppose 4*g + 27 = 3*p, 4*p - 26 = g + g. Let k be 2 + (-14)/g + 24/(-36). Suppose -2*t - k*t = 40. Let f(n) = -n**3 - 4*n**2 + 5*n - 7. Give f(t).
-7
Suppose 0 = 2*g + 3 - 7. Let o(h) = -5 + 0 + 3*h**3 - 2*h**g - 2*h + 3 + 4. Let x be ((-18)/12)/((-3)/4). Calculate o(x).
14
Suppose 30 = -34*y + 32*y. Let v be (-3)/y - (-12)/(-10). Let z(n) = -2*n. Calculate z(v).
2
Suppose b - 3*f = 0, 2*b = -111*f + 112*f - 20. Let l(u) = u**2 + 12*u + 2. Give l(b).
2
Let x(z) = -234*z + 2098. Let t be x(9). Let f(h) = 5*h + 36. Calculate f(t).
-4
Let u = 663 + -668. Let q(f) = 6*f**2 + 32*f + 8. Calculate q(u).
-2
Let g(z) = z + 2. Let w(x) = x**2 + 10*x + 4. Suppose 181*c - 180*c - 1 = 0. Let u(y) = c*w(y) - 4*g(y). Give u(-6).
-4
Let n(y) = 5*y + 11. Suppose -8*r + 22*r = 70. Suppose p = 5*j - 0*p + 44, 5*p + 20 = -r*j. Determine n(j).
-29
Let g = -32077 + 32066. Let o(u) = -5*u**2 - 57*u - 18. What is o(g)?
4
Let j(a) = -a - 20. Let r be (-4)/(-7) - 5067/(-63). Suppose 18*m = -r - 81. Calculate j(m).
-11
Suppose -6*y + 6 = -3*y, 5*a - 23 = y. Let x(j) = 106*j - 3. Let w(d) = 370*d - 7. Let v(g) = 2*w(g) - 7*x(g). Calculate v(a).
-3
Suppose -3297 = 339*a + 3822. Let b(h) = -4*h - 72. Calculate b(a).
12
Let h(c) = -c**2 - c + 1. Let g(q) = -3*q**2 - 3*q + 4. Let v(j) = -g(j) + h(j). Suppose p - 56 + 20 = -4*f, -4*f + 12 = 0. Let o = p + -22. What is v(o)?
9
Let s(l) = 150*l - 12. Let c(g) = 56*g - 4. Let h(n) = -8*c(n) + 3*s(n). Suppose 5*f - 3*k - 12 = 0, 6 = 3*f + k - 4. Calculate h(f).
2
Let j(l) be the third derivative of 13*l**9/30240 - l**7/5040 + l**6/720 + 11*l**5/12 + 3*l**2 - 5. Let k(s) be the third derivative of j(s). Determine k(1).
26
Let p(c) be the third derivative of c**7/840 + c**6/360 + c**5/120 - 18*c**3 - 237*c**2. Let j(t) be the first derivative of p(t). Give j(0).
0
Let d = 4503 + -4496. Let h(w) be the third derivative of -1/120*w**6 + 0*w + 0 + 1/6*w**4 - 5/6*w**3 - 1/30*w**5 + d*w**2. Determine h(-4).
11
Let x(v) = v - 2. Let d(n) = n**2 + 9*n - 9. Let q(h) = -h**2 + 23*h + 54. Let r be q(25). Let l(s) = r*x(s) - d(s). Suppose 0 = 5*a - 10*a - 30. What is l(a)?
-5
Suppose 5*f + 180 = -5*s + 185, 8 = -4*f - 2*s. Let p(y) be the second derivative of -y**4/12 - y**3/3 - 3*y**2 + y. Give p(f).
-21
Let g(h) = -h**2 + 7*h - 11. Let f be ((-136)/476)/((-6)/105). Determine g(f).
-1
Let y(q) = 2*q + 10. Let m(a) = a**3 - 2*a - 2. Let v(w) = w**2 + w - 92. Let g be v(-10). Let k be m(g). What is y(k)?
-2
Let p(q) = -85*q - 1. Let b = -1109 + 1108. Determine p(b).
84
Let k be 22/55*15 + -1. Let c(b) = 9*b - 51. Calculate c(k).
-6
Let g(t) = 21*t - 5. Let j be 0 + (-20)/(-10) + 0 + -3. Determine g(j).
-26
Let r(l) = -2*l**2 + 4*l - 1. Let h = -284 - -287. Determine r(h).
-7
Suppose -3*u + 9*u - 24 = 0. Let t(j) = u*j**3 + 3*j**3 - 4*j**3 - 5*j - 9*j**2 - 6 - 4*j**3. Calculate t(-9).
39
Let k(y) = 67 - 23 + 6*y**2 + 6 - 11*y - 4*y**2 - 24. Determine k(5).
21
Let w(b) = -11*b**3 - 6 + 28*b**3 + 12*b - 8*b**2 - 41*b**3 + 25*b**3. What is w(4)?
-22
Let m(a) = -2*a**2 + 2*a - 1. Suppose -4*l - 875 = 3*l. Let c = l + 123. Give m(c).
-13
Let k(j) = -6 - 43*j**2 + 8*j + 35*j**2 + j**3 + 3*j - 1. Let t = 8594 + -8587. Give k(t).
21
Let s(a) be the third derivative of -33*a**2 + 3/2*a**3 + 0 + 0*a - 1/12*a**4. Let f(m) = 5*m**3 + 2*m**2 - m. Let r be f(1). Calculate s(r).
-3
Let j(m) be the second derivative of -m**4/12 - m**3 - 3*m**2 - 340*m. Calculate j(-4).
2
Let l(b) = b**3 + 5*b**2 + 5*b - 4. Suppose 115 - 130 = j. Let r be j/9 + 1/(-3). Let q = -6 - r. Calculate l(q).
-8
Let c(g) = g**2 + 9*g + 2. Let f(j) = 2*j**2 + 16*j + 5. Let v(l) = -7*c(l) + 4*f(l). Suppose 1 = 2*x + 11. Calculate v(x).
26
Let t(s) = s**3 - 4*s**2 - 4*s - 5. Suppose j = 15*y - 11*y - 11, 4*j = -5*y + 40. What is t(j)?
0
Let z(w) = 8*w - 157. Let j(v) = -3*v + 12. Let r(y) = -4*j(y) - z(y). Calculate r(-25).
9
Let t(x) = x**2 + 7*x + 5. Let o(m) be the first derivative of 8*m - 31 + 14*m - m**2 - 16*m. Let s be o(5). Calculate t(s).
-7
Let k = 3870 - 3876. Let n(q) = -4*q**2 - 8*q - 8. Give n(k).
-104
Let m(d) = 24*d + 391. Let f(y) = -6*y - 92. Let k(p) = 26*f(p) + 6*m(p). What is k(-4)?
2
Let g = -45 + 59. Suppose 4*r + 4*k - 24 = 0, -4*k + g = r + k. Let x be (0 - 2)/(r/10). Let o(w) = -4*w - 1. What is o(x)?
19
Let z = 2 - 0. Let s(x) = 398*x**3 - 7*x**2 - x - 202*x**3 - 200*x**3 + 10*x**2. Calculate s(z).
-22
Let k(g) = -2*g**3 + 45*g**2 - 19*g - 57. Suppose -91 = -3*t - 5*f, 125 = 3*t + 2*t + 3*f. Give k(t).
9
Let c(s) be the second derivative of -s**5/20 - 7*s**4/3 - s**3/3 - 30*s**2 - 3138*s. Determine c(-28).
-4
Let m(o) = -42*o**2 + 16*o + 64. Let q(t) = -23*t**2 + 8*t + 33. Let z(b) = -6*m(b) + 11*q(b). Determine z(-7).
-14
Suppose -26*s + 2*w - 14 = -30*s, 3*s - 2*w - 28 = 0. Let b(c) = -56 - c**2 + s*c + 6*c + 46 - 2*c. Calculate b(9).
-1
Let j(w) = 35*w + 15. Let t(u) = -11*u - 9. Let s(p) = -4*j(p) - 14*t(p). Determine s(-5).
-4
Let u be (-2)/(24/(-126))*2. Suppose -9 = 6*l + u. Let c(s) be the third derivative of -s**5/60 - s**4/24 + s**3/3 + 5*s**2. Give c(l).
-18
Let t be (-6)/21 - 5/7. Let h be 2/t - (-4 - -1). Suppose 0 = 5*x + 25, 4*f - 14 = 3*x + h. Let b(v) = v - 9. Determine b(f).
-9
Let c = 122 + -120. Suppose -5 = c*j + 8*x - 11*x, 5 = x. Let b(q) be the second derivative of -q**5/20 + 5*q**4/12 + 2*q**3/3 - 7*q**2/2 - 6*q. Determine b(j).
13
Let y(q) = q**3 - 7*q**2 + 6*q + 7. Let w = -198 - -215. Let m = -12 + w. Give y(m).
-13
Let l be (-6)/(22 - 4) - (4 - (-44)/(-6)). Let f(q) = -25*q + 7. Determine f(l).
-68
Let z(h) be the second derivative of h**4/6 + 3*h**3/2 + 4*h**2 + 22391*h. Let l(v) = 7*v**3 + v**2 - 1. Let q be l(-1). Determine z(q).
43
Suppose -3*r + 7*r = -28. Let j(s) be the second derivative of -s**3/2 - 8*s**2 - 469*s. What is j(r)?
5
Let f = 126 + -117. Let g(o) = 7*o**2 - 11*o**2 - 2*o + 9 + 7*o**2 + 6*o**2 - o**3. What is g(f)?
-9
Suppose 767 = 288*l + 343 - 440. Let s(c) be the second derivative of 2 + 0*c**2 + 1/6*c**4 + 12*c + 1/6*c**l. Give s(-1).
1
Let y be (-4 + 2 - 2) + (5 - -15). Let f be ((-5)/20)/((-1)/y). Let l(v) be the third derivative of v**5/60 - v**4/24 - 2*v**3/3 + v**2. Give l(f).
8
Let w(v) = v**3 - 2*v**2 - 3. Let x be 2/(-1 - 1) - -3 - -176. Let t = x - 175. Give w(t).
6
Let g(y) = y - 12. Let u = 7785 + -7791. What is g(u)?
-18
Let z = 3966 - 3963. Let o(w) = -2*w - w + w + 6. Calculate o(z).
0
Let h be -12*(-15)/20 + -4. Suppose h*k + 2*n = -12, -4 = 3*k - 2*n - 0. Let d(s) = 4*s**3 - 2*s - 2. What is d(k)?
-30
Let w(t) = 7*t - 12*t + 6 - 2*t - 3 + 8*t + 3*t**2. Let j(g) = -4*g**2 - 2*g - 8. Let a(u) = 2*j(u) + 5*w(u). Calculate a(2).
29
Let d(l) = 5*l**3 + 3*l**2 + 3*l + 1. Suppose -3*g - f = 20 - 87, -3*f = -2*g + 63. Let r be (-60)/g - 4/(-8). Calculate d(r).
-33
Let z(l) = -l**3 + 27*l**2 - 22*l - 111. Let o be z(26). Let p be -5 